?
1
Let k = 15 - -6. Calculate the highest common divisor of k and 105.
21
Suppose -2*h = -13 - 3. Calculate the greatest common factor of 104 and h.
8
Suppose -3*g + 5*g = 78. What is the greatest common factor of 312 and g?
39
Let o = 43 + -17. Calculate the greatest common divisor of o and 65.
13
Let c be (-9 + -1)*(-2)/4. Suppose -2*t + 144 = 4*m, -2*t + 0*t + c*m = -180. Calculate the highest common factor of 10 and t.
10
Let a = 1 - -15. What is the highest common factor of a and 80?
16
Let p be (-3976)/(-72) - ((-4)/(-18))/1. Suppose -v = -2*m - 12 - 6, -m = -3*v + 64. Calculate the greatest common divisor of p and v.
11
Suppose 2*c + 3*g = -12, c = -g - 5 - 0. Let k be -3 + (-6)/c + 3. What is the greatest common factor of 2 and k?
2
Let f(j) = -2*j**3 - 20*j**2 + 18*j - 11. Let q be f(-11). Calculate the greatest common factor of q and 110.
11
Suppose -340 = -5*k - 2*n, -2*k - 3*k + 345 = n. Suppose 4*t = k + 58. What is the highest common factor of t and 16?
16
Let c(d) = d + 18. Let k be c(14). What is the greatest common divisor of k and 16?
16
Suppose -92 = -4*w - 8. What is the greatest common divisor of 231 and w?
21
Let w be (1 + 25/(-20))/((-1)/8). Suppose -2*i = -2*b - 16 + 4, b + 2 = 0. What is the greatest common factor of w and i?
2
Let v(p) = 28*p**2 - 3*p. Let w be v(2). Let b = 226 - w. What is the highest common factor of 15 and b?
15
Let t be -4 + (-3 - -4) + 11. Let h = 2 + 38. Calculate the greatest common divisor of h and t.
8
Let c = -16 - -19. What is the greatest common factor of c and 33?
3
Suppose -28 = -3*l - l. Suppose 6*s + 153 = l*s. Calculate the greatest common factor of 17 and s.
17
Suppose -3*i - 3 = -9. Suppose -j - i = -2*j. Suppose j*b = 5*b - 99. What is the greatest common factor of b and 11?
11
Let r(s) = s**3 + 2*s**2 - s. Let x be r(1). Suppose 3*p = -4*j + 64, 2*p - x*j + 0*j = 38. Calculate the greatest common divisor of 10 and p.
10
Let s(v) = -v + 10. Suppose 3*r + f + 4 = -1, 0 = 4*f + 20. Let y be s(r). What is the greatest common divisor of 15 and y?
5
Suppose 8*b + 16 = 12*b. Calculate the highest common divisor of b and 4.
4
Suppose -16 = -3*c - 4. Let a(b) = 2*b. Let o be a(3). Let y be -12*(-16)/o*1. Calculate the greatest common factor of y and c.
4
Suppose 0 = -9*f + 5*f + 4. Suppose -3 - f = -2*l. Calculate the greatest common factor of 22 and l.
2
Let c(h) = -h**3 - 8*h**2 + 8*h + 11. Let z be c(-9). What is the highest common divisor of z and 5?
5
Suppose -44 = p - 3*p + 4*l, 0 = l + 1. What is the highest common factor of 30 and p?
10
Let q(g) = 66*g + 16. Let j be q(4). Calculate the greatest common factor of 35 and j.
35
Let k(y) = -y**2 - 4*y + 3. Let z be k(-4). Suppose -2*s + 36 = s + z*t, 0 = -4*t + 12. Calculate the highest common factor of 1 and s.
1
Let b(a) = 6 - 3*a + 2*a + 11*a**2 - 6*a. Let t be b(4). Calculate the highest common divisor of 22 and t.
22
Let c be 60/(-27) + 2/9. Let a be 9/5*(c + 7). What is the greatest common factor of 90 and a?
9
Let h = -66 - -77. What is the greatest common divisor of h and 209?
11
Let j = -83 - -91. What is the greatest common factor of 4 and j?
4
Let h be (-7)/2 - 5/(-10). Let q be (h + 3/15)*-10. Calculate the highest common divisor of 7 and q.
7
Let x = -22 - -27. Let r = -20 + 81. Suppose x*j = r + 329. What is the highest common divisor of j and 13?
13
Let d = -70 + 83. What is the greatest common factor of d and 13?
13
Suppose -3*g + 89 = 5*k - 0*g, -3*k - 4*g = -49. What is the highest common factor of k and 19?
19
Let u(h) = h**2 + h - 2. Let t(p) = 2*p**2 + 2*p - 3. Let s(r) = 3*t(r) - 5*u(r). Let b be s(0). What is the highest common factor of 8 and b?
1
Let m be -4*(-72)/(3 + 1). Calculate the highest common factor of m and 48.
24
Let u = -27 + 47. What is the highest common factor of 140 and u?
20
Suppose 5*h + 0*h = 55. Calculate the highest common factor of h and 99.
11
Let u(i) = 3*i - 4. Let y be u(3). Suppose 3*j - 2*j + 2*b + 7 = 0, -y*b = -4*j + 37. What is the highest common divisor of 33 and j?
3
Let r = -2 - -10. Let l be ((-18)/(-4))/((-5)/30). Let j be 364/18 + 6/l. Calculate the greatest common factor of j and r.
4
Let i(a) be the third derivative of -13*a**4/24 + a**2. Let m be i(-1). Calculate the highest common factor of 91 and m.
13
Let x = 44 + -29. Suppose -2*r = -15 - x. Calculate the highest common factor of r and 10.
5
Let n(r) = -r + 54. Let k be n(12). What is the highest common divisor of k and 336?
42
Let b = 21 + -11. Suppose -2*y - 2*y + 148 = 0. Let m = 43 + y. Calculate the greatest common factor of m and b.
10
Let m be (44/(-6))/((-14)/147). Suppose 4*h - 11 - m = 0. What is the greatest common factor of h and 2?
2
Suppose 0 = 4*k - 13 + 1. Let h be k/((-9)/30)*-11. What is the greatest common divisor of h and 10?
10
Let x(o) = o. Let g be x(5). Suppose -5*p = -p - 16, g*u - 2*p + 53 = 0. Let h be (-3)/u + (-29)/(-3). Calculate the greatest common divisor of h and 50.
10
Let n(r) = 2*r**2 - 7*r - 4. Let y be n(7). Suppose 0 = -2*q + g + 24 - 1, -3*q + 2*g + 37 = 0. Calculate the highest common divisor of y and q.
9
Suppose 3*u - u = 624. Let w = u - 159. Calculate the highest common factor of w and 17.
17
Let v(h) = -70*h + 6. Let y be v(5). Let z = -232 - y. Let u = -12 + 28. What is the highest common divisor of u and z?
16
Suppose -5*c + 32 = 3*r, -4*r + c = -r - 26. What is the highest common factor of 6 and r?
3
Let x(i) = -3*i + 2. Let m be x(-2). Let k(d) = 88*d**2 + d + 1. Let s be k(-1). What is the greatest common factor of s and m?
8
Let v be 45 - (-9 - -3)/2. Let t(k) = k**2 + 4*k - 6. Let q be t(-6). Calculate the highest common factor of q and v.
6
Suppose 5*z = 49 + 11. Suppose -20 = -2*x + z. Suppose -2*j = -4*v - 16, -3*v + 2*v - 2 = 0. What is the highest common divisor of x and j?
4
Suppose -2*w + 109 + 19 = 0. Let l = -11 - -27. Calculate the greatest common divisor of l and w.
16
Suppose -5*k - 8 = -108. What is the highest common divisor of 80 and k?
20
Let q = -5 - -9. Suppose -q*h + 14 = -2*h. What is the highest common factor of h and 21?
7
Let a(h) = h**2 + 9*h - 4. Suppose -l - 2 - 9 = 0. Let x be a(l). What is the highest common divisor of 27 and x?
9
Suppose 5*p - 2*j = 835, 5*p + 9*j = 10*j + 830. What is the highest common divisor of p and 15?
15
Suppose -4*d + 0*d - p + 171 = 0, -3*p = -3*d + 117. Let t(u) = -5*u - 2. Let w be t(-6). What is the highest common divisor of w and d?
14
Let a = -175 + 263. Suppose r - 11 = 5*z, 0 = 2*r + 5*z - 21 - 1. Calculate the greatest common divisor of a and r.
11
Suppose 0 = -z + 5, -2*c + 2*z = -2*z - 106. Let a(y) = 7*y - 21. Let j be a(4). What is the highest common factor of c and j?
7
Suppose 45 = -0*l + 3*l. What is the greatest common divisor of 165 and l?
15
Suppose 4*j - 45 = -5*d, 18 = 2*j - d - d. Calculate the highest common factor of 70 and j.
10
Suppose -5*c - 20 = 3*g, -2*g + 6*g + 1 = -3*c. Let j = 4 - c. Let u = 179 - 124. Calculate the highest common divisor of u and j.
11
Suppose 0 = 4*z - 4*c - 14 - 38, -5*z = 4*c - 101. Calculate the highest common divisor of z and 68.
17
Let z be (-224)/21*3/(-2). What is the greatest common divisor of z and 40?
8
Let v = 52 - -28. Calculate the greatest common divisor of v and 32.
16
Suppose -k = 3*l - 33, 2*l + 2 = -4. What is the greatest common factor of 28 and k?
14
Suppose -2*r = -0*r. Suppose 0 = 2*q + 2*p, r*p - 5*p - 21 = -2*q. What is the highest common divisor of 21 and q?
3
Suppose 5 = 6*o - 55. What is the greatest common factor of 80 and o?
10
Suppose -2*n - 54 = -4*n. Suppose -5*q + n = 2. Suppose 3*o - 35 = 2*o. Calculate the greatest common divisor of q and o.
5
Suppose 5*n + 15 = 4*j + 4, -j - 11 = -4*n. Calculate the highest common factor of j and 153.
9
Suppose 24 = 6*y - 120. What is the greatest common factor of y and 8?
8
Suppose -r + 19 + 62 = 0. What is the highest common divisor of r and 18?
9
Let c(s) = 3*s**3 - 4*s**2 + 6*s + 2. Let v be c(2). Suppose 0*a - a - n = 1, 0 = 3*a + 5*n + 9. Calculate the greatest common divisor of v and a.
2
Let n(g) = -g**2 - 5*g + 4. Let z be n(-4). What is the highest common divisor of 32 and z?
8
Suppose -5*r = -4*r + 4*y - 12, 5*y = r + 6. Suppose 4*x - 17 - 42 = -f, r*x = -5*f + 55. Calculate t